of 516035 and 163455.
85
What is the highest common divisor of 69 and 5433451?
23
What is the highest common divisor of 55 and 910374685?
55
Calculate the highest common factor of 23628 and 73068.
12
What is the greatest common factor of 59538730 and 30?
10
Calculate the highest common factor of 4750375 and 385.
35
Calculate the greatest common factor of 9555 and 8949360.
735
What is the greatest common divisor of 41732 and 404?
4
What is the highest common divisor of 28717 and 5867104?
2209
What is the highest common divisor of 389286 and 596808?
486
What is the greatest common divisor of 4347 and 132021495?
621
Calculate the greatest common divisor of 11326 and 9282.
14
Calculate the highest common factor of 7690 and 94410.
10
What is the highest common divisor of 4118078 and 8?
2
Calculate the greatest common factor of 1577 and 73580662.
83
What is the highest common divisor of 45995249 and 8706?
1451
What is the greatest common divisor of 1179 and 195872379?
393
Calculate the highest common divisor of 51744 and 50088.
24
Calculate the highest common factor of 30 and 12625395.
15
What is the greatest common divisor of 48192084 and 324?
324
Calculate the greatest common factor of 3282188 and 8307.
923
What is the greatest common factor of 4158 and 48158?
22
What is the highest common factor of 90812 and 3518654?
622
Calculate the highest common factor of 64850 and 151600.
50
What is the highest common factor of 1896 and 1206?
6
Calculate the greatest common factor of 79704 and 151227.
81
Calculate the highest common divisor of 375795613 and 12081.
4027
What is the greatest common factor of 1902 and 343444774?
634
Calculate the greatest common divisor of 638 and 5006647.
29
Calculate the greatest common factor of 2577929 and 377983.
4247
What is the greatest common factor of 95 and 17598731?
19
Calculate the highest common factor of 7119 and 145205.
113
Calculate the highest common divisor of 8019 and 217176795.
891
Calculate the highest common divisor of 699102 and 1206.
18
Calculate the greatest common factor of 189154 and 2812530.
826
What is the highest common factor of 17828308 and 1394?
34
Calculate the highest common divisor of 1456483 and 31584.
329
Calculate the highest common divisor of 242905 and 59583940.
6565
Calculate the greatest common divisor of 1265 and 60665.
55
Calculate the greatest common divisor of 293 and 169318547.
293
What is the highest common factor of 1925313 and 1248?
39
Calculate the highest common divisor of 1917846 and 265608.
3906
What is the highest common factor of 770 and 812870?
10
Calculate the highest common divisor of 385 and 5974955.
35
What is the greatest common divisor of 151126 and 279661?
779
What is the highest common divisor of 2655 and 697911?
177
What is the greatest common divisor of 19721 and 1789281?
533
Calculate the greatest common divisor of 2521170 and 315.
45
What is the greatest common factor of 6424 and 7771945?
73
What is the highest common factor of 71014625 and 1375?
1375
What is the highest common factor of 69904 and 80457448?
2056
What is the highest common divisor of 6715654 and 3410?
682
What is the highest common divisor of 2213820 and 6948?
36
Calculate the greatest common factor of 16616635 and 3185.
245
Calculate the greatest common factor of 41264 and 9183819.
2579
Calculate the highest common factor of 3583 and 669390392.
3583
What is the highest common factor of 121700 and 62425?
25
What is the highest common factor of 278 and 44580636?
278
Calculate the greatest common divisor of 1485 and 34401015.
495
Calculate the highest common factor of 123507049 and 38.
19
What is the greatest common divisor of 268994 and 1837?
11
Calculate the highest common divisor of 11544 and 85803.
111
What is the greatest common factor of 6965 and 55133945?
995
What is the highest common divisor of 29389575 and 60?
15
Calculate the greatest common divisor of 5142 and 97302.
6
Calculate the highest common divisor of 121035362 and 284950.
11398
Calculate the greatest common divisor of 1728 and 18021960.
216
Calculate the greatest common divisor of 20190 and 4925014.
1346
What is the greatest common divisor of 52139605 and 55853?
553
Calculate the greatest common divisor of 18341630 and 30.
10
Calculate the highest common factor of 2731175 and 175.
25
What is the greatest common factor of 27425 and 2194?
1097
Calculate the highest common factor of 1356 and 23186244.
1356
What is the greatest common divisor of 1749 and 806872?
583
What is the greatest common divisor of 404966 and 5548?
38
What is the greatest common divisor of 12693807 and 35391?
141
What is the highest common divisor of 306 and 360756?
18
What is the highest common factor of 3663972 and 21528?
468
Calculate the greatest common divisor of 359799 and 27984.
33
Calculate the greatest common factor of 3080454 and 1082.
1082
Calculate the highest common divisor of 336544 and 25103.
13
Calculate the greatest common divisor of 76 and 996312158.
38
What is the greatest common factor of 846068 and 53836?
172
Calculate the greatest common factor of 14460768 and 27.
27
What is the highest common divisor of 1054913 and 5243?
107
Calculate the greatest common factor of 3619 and 81851.
77
Calculate the greatest common divisor of 81601235 and 3605.
515
What is the greatest common factor of 26657 and 31062359?
1159
What is the greatest common divisor of 7701 and 9276?
3
Calculate the greatest common divisor of 266266 and 40546.
418
What is the highest common divisor of 15 and 574153100?
5
What is the greatest common factor of 55 and 187398981?
11
What is the greatest common divisor of 58508 and 1964?
4
Calculate the highest common factor of 198 and 186573.
3
What is the greatest common divisor of 9075 and 53690725?
3025
What is the highest common factor of 10404 and 1672018?
34
What is the highest common divisor of 287664 and 1040?
208
What is the highest common divisor of 310 and 69483493?
31
What is the greatest common factor of 16 and 1878036800?
16
What is the greatest common factor of 952 and 182643512?
136
What is the greatest common divisor of 25966 and 82?
2
What is the greatest common divisor of 18 and 4731381?
9
Calculate the greatest common divisor of 9571 and 5356945.
563
What is the highest common factor of 94 and 329268323?
47
What is the greatest common divisor of 859014 and 143?
13
Calculate the greatest common factor of 139548788 and 2514.
838
Calculate the greatest common divisor of 80 and 67539740.
20
What is the greatest common divisor of 3331471 and 114543?
143
What is the greatest common divisor of 11995478 and 322432?
5038
What is the highest common factor of 443540 and 14683160?
6620
What is the greatest common factor of 798439 and 21731?
701
What is the greatest common divisor of 2426029 and 217?
31
Calculate the highest common factor of 216 and 351246.
6
What is the greatest common divisor of 819875 and 375?
125
What is the highest common divisor of 7568 and 675004?
44
Calculate the highest common divisor of 676578 and 14329.
623
Calculate the greatest common divisor of 10 and 177919570.
10
Calculate the highest common divisor of 44064 and 30532.
68
What is the highest common factor of 40 and 1146335230?
10
Calculate the greatest common factor of 39147238 and 244.
122
Calculate the highest common divisor of 6032 and 379248.
16
Calculate the highest common divisor of 385476 and 37128.
1092
Calculate the greatest common factor of 45932018 and 62.
62
Calculate the greatest common factor of 133501065 and 435.
435
What is the highest common factor of 107632 and 43456?
112
Calculate the greatest common factor of 3289424 and 192.
16
What is the greatest common factor of 2139 and 1597419?
69
Calculate the greatest common divisor of 7011 and 431771.
41
Calculate the greatest common factor of 2761712 and 3.
1
Calculate the greatest common divisor of 131502 and 217434.
1302
What is the greatest common divisor of 127522213 and 3878?
1939
Calculate the highest common divisor of 14181 and 33176.
29
Calculate the greatest common factor of 63821 and 1911271.
3359
Calculate the greatest common factor of 748816776 and 7873.
7873
Calculate the highest common divisor of 39330792 and 476.
68
What is the highest common divisor of 865